{"id":4747,"date":"2025-09-17T12:42:00","date_gmt":"2025-09-17T15:42:00","guid":{"rendered":"https:\/\/ppget.ifam.edu.br\/w_seta_novo\/?page_id=4747"},"modified":"2025-09-17T12:46:35","modified_gmt":"2025-09-17T15:46:35","slug":"resultadostrabalhos2025","status":"publish","type":"page","link":"https:\/\/ppget.ifam.edu.br\/w_seta_novo\/index.php\/resultadostrabalhos2025\/","title":{"rendered":"Resultados de Trabalhos 2025"},"content":{"rendered":"\t\t<div data-elementor-type=\"wp-page\" data-elementor-id=\"4747\" class=\"elementor elementor-4747\">\n\t\t\t\t\t\t<section class=\"elementor-section elementor-top-section elementor-element elementor-element-b5a966f elementor-section-boxed elementor-section-height-default elementor-section-height-default\" data-id=\"b5a966f\" data-element_type=\"section\" data-e-type=\"section\">\n\t\t\t\t\t\t<div class=\"elementor-container elementor-column-gap-default\">\n\t\t\t\t\t<div class=\"elementor-column elementor-col-100 elementor-top-column elementor-element elementor-element-4b08a3f\" data-id=\"4b08a3f\" data-element_type=\"column\" data-e-type=\"column\">\n\t\t\t<div class=\"elementor-widget-wrap elementor-element-populated\">\n\t\t\t\t\t\t<div class=\"elementor-element elementor-element-3de819d elementor-widget elementor-widget-image\" data-id=\"3de819d\" data-element_type=\"widget\" data-e-type=\"widget\" data-widget_type=\"image.default\">\n\t\t\t\t<div class=\"elementor-widget-container\">\n\t\t\t\t\t\t\t\t\t\t\t\t\t\t\t<img fetchpriority=\"high\" decoding=\"async\" width=\"527\" height=\"95\" src=\"https:\/\/ppget.ifam.edu.br\/w_seta_novo\/wp-content\/uploads\/2025\/09\/seta004.png\" class=\"attachment-large size-large wp-image-4749\" alt=\"\" srcset=\"https:\/\/ppget.ifam.edu.br\/w_seta_novo\/wp-content\/uploads\/2025\/09\/seta004.png 527w, https:\/\/ppget.ifam.edu.br\/w_seta_novo\/wp-content\/uploads\/2025\/09\/seta004-300x54.png 300w\" sizes=\"(max-width: 527px) 100vw, 527px\" \/>\t\t\t\t\t\t\t\t\t\t\t\t\t\t\t<\/div>\n\t\t\t\t<\/div>\n\t\t\t\t\t<\/div>\n\t\t<\/div>\n\t\t\t\t\t<\/div>\n\t\t<\/section>\n\t\t\t\t<section class=\"elementor-section elementor-top-section elementor-element elementor-element-3954a25 elementor-section-boxed elementor-section-height-default elementor-section-height-default\" data-id=\"3954a25\" data-element_type=\"section\" data-e-type=\"section\">\n\t\t\t\t\t\t<div class=\"elementor-container elementor-column-gap-default\">\n\t\t\t\t\t<div class=\"elementor-column elementor-col-100 elementor-top-column elementor-element elementor-element-0e2655e\" data-id=\"0e2655e\" data-element_type=\"column\" data-e-type=\"column\">\n\t\t\t<div class=\"elementor-widget-wrap elementor-element-populated\">\n\t\t\t\t\t\t<div class=\"elementor-element elementor-element-0172d70 elementor-widget elementor-widget-text-editor\" data-id=\"0172d70\" data-element_type=\"widget\" data-e-type=\"widget\" data-widget_type=\"text-editor.default\">\n\t\t\t\t<div class=\"elementor-widget-container\">\n\t\t\t\t\t\t\t\t\t<div><div class=\"conteudo\"><p><span style=\"font-family: -apple-system, BlinkMacSystemFont, Segoe UI, Roboto, Helvetica, Arial, sans-serif;\">Aten\u00e7\u00e3o participantes, fiquem atentos \u00e0 atualiza\u00e7\u00e3o de datas importantes do XI SETA:<\/span><\/p><table class=\"table table-bordered\"><tbody><tr><td><b>\u00a0\u00a0 Per\u00edodo<\/b><\/td><td><span style=\"color: #000000;\"><b>\u00a0 \u00a0 \u00a0 \u00a0 \u00a0 \u00a0 \u00a0 \u00a0 \u00a0 \u00a0 \u00a0 \u00a0 \u00a0 \u00a0 \u00a0 \u00a0 \u00a0 \u00a0 \u00a0 \u00a0 \u00a0 \u00a0 \u00a0 \u00a0Atividade<\/b><\/span><\/td><\/tr><tr><td><span style=\"color: #000000; font-family: Open Sans;\">23\/09\/2025<\/span><\/td><td><span style=\"color: #000000; font-family: Open Sans;\">Divulga\u00e7\u00e3o dos resultados de artigos e relatos de experi\u00eancia: aprovados, n\u00e3o aprovados, com revis\u00e3o necess\u00e1ria e desclassificados.<br \/>Divulga\u00e7\u00e3o da sele\u00e7\u00e3o das oficinas aprovadas.<\/span><\/td><\/tr><tr><td><span style=\"color: #000000; font-family: Open Sans;\">24\/09 a 30\/09\/2025<\/span><\/td><td><span style=\"color: #000000; font-family: Open Sans;\">Prazo para os autores enviarem os artigos e relatos de experi\u00eancia com revis\u00f5es necess\u00e1rias indicadas pelos avaliadores.<\/span><\/td><\/tr><tr><td><span style=\"color: #000000; font-family: Open Sans;\">06\/10\/2025<\/span><\/td><td><span style=\"color: #000000; font-family: Open Sans;\">Divulga\u00e7\u00e3o do Resultado Final dos artigos e relatos de experi\u00eancia APROVADOS.<br \/>Solicita\u00e7\u00e3o de elabora\u00e7\u00e3o da Apresenta\u00e7\u00e3o Oral e\/o P\u00f4ster.<\/span><\/td><\/tr><tr><td><span style=\"color: #000000; font-family: Open Sans;\">At\u00e9 10\/10\/2025<\/span><\/td><td><span style=\"color: #000000; font-family: Open Sans;\">Prazo m\u00e1ximo para envio das Apresenta\u00e7\u00f5es Orais\u00a0\u00a0e posters.<\/span><\/td><\/tr><tr><td><span style=\"color: #000000; font-family: Open Sans;\">16,17 e 18\/10\/2025<\/span><\/td><td><span style=\"color: #000000;\"><span style=\"font-family: Open Sans;\">SETA 2025<\/span><\/span><\/td><\/tr><\/tbody><\/table><\/div><\/div><div class=\"clearfix\">\u00a0<\/div>\t\t\t\t\t\t\t\t<\/div>\n\t\t\t\t<\/div>\n\t\t\t\t\t<\/div>\n\t\t<\/div>\n\t\t\t\t\t<\/div>\n\t\t<\/section>\n\t\t\t\t<\/div>\n\t\t","protected":false},"excerpt":{"rendered":"<p>Aten\u00e7\u00e3o participantes, fiquem atentos \u00e0 atualiza\u00e7\u00e3o de datas importantes do XI SETA: \u00a0\u00a0 Per\u00edodo \u00a0 \u00a0 \u00a0 \u00a0 \u00a0 \u00a0 \u00a0 \u00a0 \u00a0 \u00a0 \u00a0 \u00a0 \u00a0 \u00a0 \u00a0 \u00a0 &#8230;<\/p>\n","protected":false},"author":13,"featured_media":0,"parent":0,"menu_order":0,"comment_status":"closed","ping_status":"closed","template":"","meta":{"_uag_custom_page_level_css":"","footnotes":""},"class_list":["post-4747","page","type-page","status-publish","hentry"],"uagb_featured_image_src":{"full":false,"thumbnail":false,"medium":false,"medium_large":false,"large":false,"1536x1536":false,"2048x2048":false,"onepress-blog-small":false,"onepress-small":false,"onepress-medium":false},"uagb_author_info":{"display_name":"Seta Admin","author_link":"https:\/\/ppget.ifam.edu.br\/w_seta_novo\/index.php\/author\/seta_admin\/"},"uagb_comment_info":0,"uagb_excerpt":"Aten\u00e7\u00e3o participantes, fiquem atentos \u00e0 atualiza\u00e7\u00e3o de datas importantes do XI SETA: \u00a0\u00a0 Per\u00edodo \u00a0 \u00a0 \u00a0 \u00a0 \u00a0 \u00a0 \u00a0 \u00a0 \u00a0 \u00a0 \u00a0 \u00a0 \u00a0 \u00a0 \u00a0 \u00a0 ...","_links":{"self":[{"href":"https:\/\/ppget.ifam.edu.br\/w_seta_novo\/index.php\/wp-json\/wp\/v2\/pages\/4747","targetHints":{"allow":["GET"]}}],"collection":[{"href":"https:\/\/ppget.ifam.edu.br\/w_seta_novo\/index.php\/wp-json\/wp\/v2\/pages"}],"about":[{"href":"https:\/\/ppget.ifam.edu.br\/w_seta_novo\/index.php\/wp-json\/wp\/v2\/types\/page"}],"author":[{"embeddable":true,"href":"https:\/\/ppget.ifam.edu.br\/w_seta_novo\/index.php\/wp-json\/wp\/v2\/users\/13"}],"replies":[{"embeddable":true,"href":"https:\/\/ppget.ifam.edu.br\/w_seta_novo\/index.php\/wp-json\/wp\/v2\/comments?post=4747"}],"version-history":[{"count":7,"href":"https:\/\/ppget.ifam.edu.br\/w_seta_novo\/index.php\/wp-json\/wp\/v2\/pages\/4747\/revisions"}],"predecessor-version":[{"id":4755,"href":"https:\/\/ppget.ifam.edu.br\/w_seta_novo\/index.php\/wp-json\/wp\/v2\/pages\/4747\/revisions\/4755"}],"wp:attachment":[{"href":"https:\/\/ppget.ifam.edu.br\/w_seta_novo\/index.php\/wp-json\/wp\/v2\/media?parent=4747"}],"curies":[{"name":"wp","href":"https:\/\/api.w.org\/{rel}","templated":true}]}}