{"id":2836,"date":"2022-07-16T00:43:33","date_gmt":"2022-07-16T03:43:33","guid":{"rendered":"http:\/\/ppget.ifam.edu.br\/w_seta_novo\/?page_id=2836"},"modified":"2022-11-22T12:27:00","modified_gmt":"2022-11-22T15:27:00","slug":"programacao-2022","status":"publish","type":"page","link":"https:\/\/ppget.ifam.edu.br\/w_seta_novo\/index.php\/programacao-2022\/","title":{"rendered":"Programa\u00e7\u00e3o 2022"},"content":{"rendered":"\t\t<div data-elementor-type=\"wp-page\" data-elementor-id=\"2836\" class=\"elementor elementor-2836\">\n\t\t\t\t\t\t<section class=\"elementor-section elementor-top-section elementor-element elementor-element-9193e1d elementor-section-boxed elementor-section-height-default elementor-section-height-default\" data-id=\"9193e1d\" data-element_type=\"section\" data-e-type=\"section\">\n\t\t\t\t\t\t<div class=\"elementor-container elementor-column-gap-default\">\n\t\t\t\t\t<div class=\"elementor-column elementor-col-100 elementor-top-column elementor-element elementor-element-a9df042\" data-id=\"a9df042\" data-element_type=\"column\" data-e-type=\"column\">\n\t\t\t<div class=\"elementor-widget-wrap elementor-element-populated\">\n\t\t\t\t\t\t<div class=\"elementor-element elementor-element-06e1061 elementor-tabs-view-horizontal elementor-widget elementor-widget-tabs\" data-id=\"06e1061\" data-element_type=\"widget\" data-e-type=\"widget\" data-widget_type=\"tabs.default\">\n\t\t\t\t<div class=\"elementor-widget-container\">\n\t\t\t\t\t\t\t<div class=\"elementor-tabs\">\n\t\t\t<div class=\"elementor-tabs-wrapper\" role=\"tablist\" >\n\t\t\t\t\t\t\t\t\t<div id=\"elementor-tab-title-7211\" class=\"elementor-tab-title elementor-tab-desktop-title\" aria-selected=\"true\" data-tab=\"1\" role=\"tab\" tabindex=\"0\" aria-controls=\"elementor-tab-content-7211\" aria-expanded=\"false\">23\/11\/22<\/div>\n\t\t\t\t\t\t\t\t\t<div id=\"elementor-tab-title-7212\" class=\"elementor-tab-title elementor-tab-desktop-title\" aria-selected=\"false\" data-tab=\"2\" role=\"tab\" tabindex=\"-1\" aria-controls=\"elementor-tab-content-7212\" aria-expanded=\"false\">24\/11\/22<\/div>\n\t\t\t\t\t\t\t\t\t<div id=\"elementor-tab-title-7213\" class=\"elementor-tab-title elementor-tab-desktop-title\" aria-selected=\"false\" data-tab=\"3\" role=\"tab\" tabindex=\"-1\" aria-controls=\"elementor-tab-content-7213\" aria-expanded=\"false\">25\/11\/22<\/div>\n\t\t\t\t\t\t\t<\/div>\n\t\t\t<div class=\"elementor-tabs-content-wrapper\" role=\"tablist\" aria-orientation=\"vertical\">\n\t\t\t\t\t\t\t\t\t<div class=\"elementor-tab-title elementor-tab-mobile-title\" aria-selected=\"true\" data-tab=\"1\" role=\"tab\" tabindex=\"0\" aria-controls=\"elementor-tab-content-7211\" aria-expanded=\"false\">23\/11\/22<\/div>\n\t\t\t\t\t<div id=\"elementor-tab-content-7211\" class=\"elementor-tab-content elementor-clearfix\" data-tab=\"1\" role=\"tabpanel\" aria-labelledby=\"elementor-tab-title-7211\" tabindex=\"0\" hidden=\"false\"><p style=\"text-align: center;\"><span style=\"color: #00ccff;\"><strong>MANH\u00c3<\/strong><\/span><\/p><table dir=\"ltr\" border=\"1\" cellspacing=\"0\" cellpadding=\"0\"><colgroup> <col width=\"103\" \/> <col width=\"295\" \/> <col width=\"81\" \/> <col width=\"185\" \/><\/colgroup><tbody><tr><td style=\"text-align: center;\" data-sheets-value=\"{&quot;1&quot;:2,&quot;2&quot;:&quot;9h&quot;}\">9h<\/td><td data-sheets-value=\"{&quot;1&quot;:2,&quot;2&quot;:&quot;Abertura&quot;}\">Abertura<\/td><td style=\"text-align: center;\" data-sheets-value=\"{&quot;1&quot;:2,&quot;2&quot;:&quot;30min&quot;}\">30min<\/td><td style=\"text-align: center;\" data-sheets-value=\"{&quot;1&quot;:2,&quot;2&quot;:&quot;Cerimonial: Janduy Medeiros Neto&quot;}\">Cerimonial<\/td><\/tr><tr><td style=\"text-align: center;\" data-sheets-value=\"{&quot;1&quot;:2,&quot;2&quot;:&quot;10h&quot;}\">10h<\/td><td data-sheets-value=\"{&quot;1&quot;:2,&quot;2&quot;:&quot;Palestra de Abertura&quot;}\"><p><span style=\"color: #00ccff;\"><strong>Palestra de Abertura<\/strong><\/span><\/p><p><em>Science and Opinion<\/em><\/p><\/td><td style=\"text-align: center;\" data-sheets-value=\"{&quot;1&quot;:2,&quot;2&quot;:&quot;1h30&quot;}\">1h30<\/td><td style=\"text-align: center;\" data-sheets-value=\"{&quot;1&quot;:2,&quot;2&quot;:&quot;Prof. Ph.D. Andrew Feenberg (Simon Fraser University \/ Institut des Sciences de la Communication)&quot;}\">Prof. Ph.D. Andrew Feenberg (Simon Fraser University \/ Institut des Sciences de la Communication)<\/td><\/tr><tr><td style=\"text-align: center;\">&#8211;<\/td><td data-sheets-value=\"{&quot;1&quot;:2,&quot;2&quot;:&quot;Momento Cultural Bal\u00e9 Cultural&quot;}\"><span style=\"color: #00ccff;\"><strong>Momento Cultural<\/strong><\/span>: Orquestra Jovem do Liceu de Artes e Of\u00edcios Cl\u00e1udio Santoro<\/td><td style=\"text-align: center;\">&#8211;<\/td><td style=\"text-align: center;\">&#8211;<\/td><\/tr><\/tbody><\/table><p style=\"text-align: center;\"><span style=\"color: #00ccff;\"><strong>TARDE<\/strong><\/span><\/p><table dir=\"ltr\" border=\"1\" cellspacing=\"0\" cellpadding=\"0\"><colgroup> <col width=\"103\" \/> <col width=\"295\" \/> <col width=\"81\" \/> <col width=\"185\" \/><\/colgroup><tbody><tr><td style=\"text-align: center;\" data-sheets-value=\"{&quot;1&quot;:2,&quot;2&quot;:&quot;13h30&quot;}\">13h30<\/td><td data-sheets-value=\"{&quot;1&quot;:2,&quot;2&quot;:&quot;Entrevista em CTSA&quot;}\"><strong><span style=\"color: #00ccff;\">Entrevista em CTSA<\/span><\/strong><\/td><td style=\"text-align: center;\" data-sheets-value=\"{&quot;1&quot;:2,&quot;2&quot;:&quot;1h30&quot;}\">1h30<\/td><td style=\"text-align: center;\" data-sheets-value=\"{&quot;1&quot;:2,&quot;2&quot;:&quot;Prof. Dr. Leonir Lorenzetti (UFPR)&quot;}\">Prof. Dr. Leonir Lorenzetti (UFPR)<\/td><\/tr><tr><td style=\"text-align: center;\" data-sheets-value=\"{&quot;1&quot;:2,&quot;2&quot;:&quot;16h&quot;}\">16h<\/td><td data-sheets-value=\"{&quot;1&quot;:2,&quot;2&quot;:&quot;Mesa Redonda &quot;}\"><span style=\"color: #00ccff;\"><strong>Mesa Redonda:<\/strong><\/span> Programas Profissionais de P\u00f3s-gradua\u00e7\u00e3o e sua inser\u00e7\u00e3o na Educa\u00e7\u00e3o B\u00e1sica<\/td><td style=\"text-align: center;\" data-sheets-value=\"{&quot;1&quot;:2,&quot;2&quot;:&quot;1h45&quot;}\">1h45<\/td><td style=\"text-align: center;\" data-sheets-value=\"{&quot;1&quot;:2,&quot;2&quot;:&quot;PPGET&quot;}\">Profas. Dras. Ivanise Maria Rizzatti (UFRR) e France Fraiha Martins (IEMCI\/UFPA)<\/td><\/tr><tr><td style=\"text-align: center;\">&#8211;<\/td><td data-sheets-value=\"{&quot;1&quot;:2,&quot;2&quot;:&quot;V\u00eddeo Produtos Educacionais&quot;}\">V\u00eddeo sobre Produtos Educacionais<\/td><td style=\"text-align: center;\">&#8211;<\/td><td style=\"text-align: center;\">&#8211;<\/td><\/tr><tr><td style=\"text-align: center;\" data-sheets-value=\"{&quot;1&quot;:2,&quot;2&quot;:&quot;18h&quot;}\">18h*<\/td><td data-sheets-value=\"{&quot;1&quot;:2,&quot;2&quot;:&quot;Palestra 2:\\&quot;Pol\u00edticas da EJA integrada \u00e0 Educa\u00e7\u00e3o Profissional e Tecnol\u00f3gica\\&quot;&quot;}\"><span style=\"color: #00ccff;\"><strong>Palestra 2:<\/strong><\/span> Pol\u00edticas da EJA integrada \u00e0 Educa\u00e7\u00e3o Profissional e Tecnol\u00f3gica<\/td><td style=\"text-align: center;\" data-sheets-value=\"{&quot;1&quot;:2,&quot;2&quot;:&quot;1h30&quot;}\">1h30<\/td><td style=\"text-align: center;\" data-sheets-value=\"{&quot;1&quot;:2,&quot;2&quot;:&quot;Profa. Dra. V\u00e2nia do Carmo Nobile (IFRN)&quot;}\">Profa. Dra. V\u00e2nia do Carmo Nobile (IFRN)<\/td><\/tr><tr><td style=\"text-align: center;\" data-sheets-value=\"{&quot;1&quot;:2,&quot;2&quot;:&quot;18h&quot;}\">18h*<\/td><td data-sheets-value=\"{&quot;1&quot;:2,&quot;2&quot;:&quot;Palestra 3: \\&quot;Pretos e Pretas no contexto do Ensino Tecnol\u00f3gico: Refletindo pr\u00e1ticas para uma educa\u00e7\u00e3o antirracista\\&quot;&quot;}\"><span style=\"color: #00ccff;\"><strong>Palestra 3:<\/strong><\/span> Pretos e Pretas no contexto do Ensino Tecnol\u00f3gico: Refletindo pr\u00e1ticas para uma educa\u00e7\u00e3o antirracista<\/td><td style=\"text-align: center;\" data-sheets-value=\"{&quot;1&quot;:2,&quot;2&quot;:&quot;1h30&quot;}\">1h30<\/td><td style=\"text-align: center;\" data-sheets-value=\"{&quot;1&quot;:2,&quot;2&quot;:&quot;Profa. Dra. Claudina Maximiano (IFAM)&quot;}\">Profa. Dra. Claudina Maximiano (IFAM)<\/td><\/tr><tr><td style=\"text-align: center;\">&#8211;<\/td><td data-sheets-value=\"{&quot;1&quot;:2,&quot;2&quot;:&quot;V\u00eddeo Produtos Educacionais&quot;}\">V\u00eddeo sobre Produtos Educacionais<\/td><td style=\"text-align: center;\">&#8211;<\/td><td style=\"text-align: center;\">&#8211;<\/td><\/tr><\/tbody><\/table><p><em>* As atividades ir\u00e3o ocorrer de forma simult\u00e2nea no canal do PPGET no Youtube.\u00a0<\/em><\/p><\/div>\n\t\t\t\t\t\t\t\t\t<div class=\"elementor-tab-title elementor-tab-mobile-title\" aria-selected=\"false\" data-tab=\"2\" role=\"tab\" tabindex=\"-1\" aria-controls=\"elementor-tab-content-7212\" aria-expanded=\"false\">24\/11\/22<\/div>\n\t\t\t\t\t<div id=\"elementor-tab-content-7212\" class=\"elementor-tab-content elementor-clearfix\" data-tab=\"2\" role=\"tabpanel\" aria-labelledby=\"elementor-tab-title-7212\" tabindex=\"0\" hidden=\"hidden\"><p style=\"text-align: center;\"><span style=\"color: #00ccff;\"><strong>MANH\u00c3<\/strong><\/span><\/p><p style=\"text-align: center;\">8h \u00e0s 12h &#8211; <strong>Oficinas<\/strong><\/p><table dir=\"ltr\" border=\"1\" cellspacing=\"0\" cellpadding=\"0\"><colgroup> <col width=\"100\" \/> <col width=\"300\" \/> <col width=\"200\" \/><\/colgroup><tbody><tr><td style=\"text-align: center;\" data-sheets-value=\"{&quot;1&quot;:2,&quot;2&quot;:&quot;Oficina 1&quot;}\"><strong>Oficina 1<\/strong><\/td><td data-sheets-value=\"{&quot;1&quot;:2,&quot;2&quot;:&quot;Oficina 1: O \u201cestado da arte\u201d e a ATD nas pesquisas qualitativas: construindo descritores\\npara as an\u00e1lises\\n&quot;}\">O \u201cestado da arte\u201d e a ATD nas pesquisas qualitativas: construindo descritores<br \/>para as an\u00e1lises<\/td><td data-sheets-value=\"{&quot;1&quot;:2,&quot;2&quot;:&quot;Prof. Msc. Dieison Prestes da Silveira (UFPR)&quot;}\">Prof. Msc. Dieison Prestes da Silveira (UFPR)<\/td><\/tr><tr><td style=\"text-align: center;\" data-sheets-value=\"{&quot;1&quot;:2,&quot;2&quot;:&quot;Oficina 2&quot;}\"><strong>Oficina 2<\/strong><\/td><td data-sheets-value=\"{&quot;1&quot;:2,&quot;2&quot;:&quot;Oficina 2: \\&quot;Estrat\u00e9gias para divulga\u00e7\u00e3o cient\u00edfica: da constru\u00e7\u00e3o da imagem \u00e0 linguagem\\&quot;&quot;}\">Estrat\u00e9gias para divulga\u00e7\u00e3o cient\u00edfica: da constru\u00e7\u00e3o da imagem \u00e0 linguagem<\/td><td data-sheets-value=\"{&quot;1&quot;:2,&quot;2&quot;:&quot;Prof. M.e. V\u00edtor Lopes Resende (IFRR)&quot;}\">Prof. M.e. V\u00edtor Lopes Resende (IFRR)<\/td><\/tr><tr><td style=\"text-align: center;\" data-sheets-value=\"{&quot;1&quot;:2,&quot;2&quot;:&quot;Oficina 3&quot;}\"><strong>Oficina 3<\/strong><\/td><td data-sheets-value=\"{&quot;1&quot;:2,&quot;2&quot;:&quot;Oficina 3: \\&quot;An\u00e1lise de Conte\u00fado: t\u00e9cnica para pesquisa qualitativa\\&quot;&quot;}\">An\u00e1lise de Conte\u00fado: t\u00e9cnica para pesquisa qualitativa<\/td><td data-sheets-value=\"{&quot;1&quot;:2,&quot;2&quot;:&quot;Profa. Msc. Carla Karoline Gomes Dutra Borges (UFAM)&quot;}\">Profa. Msc. Carla Karoline Gomes Dutra Borges (UFAM)<\/td><\/tr><tr><td style=\"text-align: center;\" data-sheets-value=\"{&quot;1&quot;:2,&quot;2&quot;:&quot;Oficina 4&quot;}\"><strong>Oficina 4<\/strong><\/td><td data-sheets-value=\"{&quot;1&quot;:2,&quot;2&quot;:&quot;Oficina 4: \\&quot;Cria\u00e7\u00e3o e Edi\u00e7\u00e3o de videos pelo celular para aulas\\&quot;&quot;}\">Cria\u00e7\u00e3o e Edi\u00e7\u00e3o de v\u00eddeos pelo celular para aulas<\/td><td data-sheets-value=\"{&quot;1&quot;:2,&quot;2&quot;:&quot;Profa. Veracilda de Oliveira Prado (SEMED)&quot;}\">Profa. Veracilda de Oliveira Prado (SEMED)<\/td><\/tr><tr><td style=\"text-align: center;\" data-sheets-value=\"{&quot;1&quot;:2,&quot;2&quot;:&quot;Oficina 5&quot;}\"><strong>Oficina 5<\/strong><\/td><td data-sheets-value=\"{&quot;1&quot;:2,&quot;2&quot;:&quot;Oficina 5: \\&quot;Pensamento computacional: Propostas de atividades desplugadas para o Ensino Fundamental\\&quot;&quot;}\">Pensamento computacional: Propostas de atividades desplugadas para o Ensino Fundamental<\/td><td data-sheets-value=\"{&quot;1&quot;:2,&quot;2&quot;:&quot;Profa. M.a. Margareth Cristina dos Santos Seixas \/ Profa. Esp. Lana Cristina Pinto Barbosa (SEMED)&quot;}\">Profa. M.a. Margareth Cristina dos Santos Seixas \/ Profa. Esp. Lana Cristina Pinto Barbosa (SEMED)<\/td><\/tr><\/tbody><\/table><p style=\"text-align: center;\">8h \u00e0s 12h &#8211; <strong>Minicursos<\/strong><\/p><table dir=\"ltr\" border=\"1\" cellspacing=\"0\" cellpadding=\"0\"><colgroup> <col width=\"100\" \/> <col width=\"300\" \/> <col width=\"200\" \/><\/colgroup><tbody><tr><td style=\"text-align: center;\" data-sheets-value=\"{&quot;1&quot;:2,&quot;2&quot;:&quot;Minicurso 1&quot;}\"><strong>Minicurso 1<\/strong><\/td><td data-sheets-value=\"{&quot;1&quot;:2,&quot;2&quot;:&quot;Minicurso 1: \\&quot;Trabalho, Educa\u00e7\u00e3o e o enfrentamento \u00e0 crise de refugiados na Rede Federal de Educa\u00e7\u00e3o Profissional, Cient\u00edfica e Tecnol\u00f3gica\\&quot;&quot;}\">Trabalho, Educa\u00e7\u00e3o e o enfrentamento \u00e0 crise de refugiados na Rede Federal de Educa\u00e7\u00e3o Profissional, Cient\u00edfica e Tecnol\u00f3gica<\/td><td data-sheets-value=\"{&quot;1&quot;:2,&quot;2&quot;:&quot;Prof. Msc. F\u00e1bio Soares Silva e Prof. Estev\u00e3o Cristian da Silva Leite (IFRJ)&quot;}\">Prof. Msc. F\u00e1bio Soares Silva e Prof. Estev\u00e3o Cristian da Silva Leite (IFRJ)<\/td><\/tr><tr><td style=\"text-align: center;\" data-sheets-value=\"{&quot;1&quot;:2,&quot;2&quot;:&quot;Minicurso 2&quot;}\"><strong>Minicurso 2<\/strong><\/td><td data-sheets-value=\"{&quot;1&quot;:2,&quot;2&quot;:&quot;Minicurso 2: \\&quot;No\u00e7\u00f5es te\u00f3rico-pr\u00e1ticas sobre Qualis Livro e de Peri\u00f3dicos\\&quot;&quot;}\">No\u00e7\u00f5es te\u00f3rico-pr\u00e1ticas sobre Qualis Livro e de Peri\u00f3dicos<\/td><td data-sheets-value=\"{&quot;1&quot;:2,&quot;2&quot;:&quot;Prof. Dr. F\u00e1bio C\u00e9sar Junges (UNICRUZ)&quot;}\">Prof. Dr. F\u00e1bio C\u00e9sar Junges (UNICRUZ)<\/td><\/tr><tr><td style=\"text-align: center;\" data-sheets-value=\"{&quot;1&quot;:2,&quot;2&quot;:&quot;Minicurso 3&quot;}\"><strong>Minicurso 3<\/strong><\/td><td data-sheets-value=\"{&quot;1&quot;:2,&quot;2&quot;:&quot;Minicurso 3: \\&quot;GameAlfa como recurso tecnol\u00f3gico para o processo de alfabetiza\u00e7\u00e3o de crian\u00e7as\\&quot;&quot;}\">GameAlfa como recurso tecnol\u00f3gico para o processo de alfabetiza\u00e7\u00e3o de crian\u00e7as<\/td><td data-sheets-value=\"{&quot;1&quot;:2,&quot;2&quot;:&quot;Prof. M.e. Autonio Queiroz dos Santos e a Profa. Esp. Adelannie Sussurana da Rocha (SEMED)&quot;}\">Prof. M.e. Austonio Queiroz dos Santos e a Profa. Esp. Adelannie Sussurana da Rocha (SEMED)<\/td><\/tr><tr><td style=\"text-align: center;\" data-sheets-value=\"{&quot;1&quot;:2,&quot;2&quot;:&quot;Minicurso 4&quot;}\"><strong>Minicurso 4<\/strong><\/td><td data-sheets-value=\"{&quot;1&quot;:2,&quot;2&quot;:&quot;Minicurso 4: \\&quot;Cria\u00e7\u00e3o de hist\u00f3rias em quadrinhos pedag\u00f3gicas\\&quot;&quot;}\">Cria\u00e7\u00e3o de hist\u00f3rias em quadrinhos pedag\u00f3gicas<\/td><td data-sheets-value=\"{&quot;1&quot;:2,&quot;2&quot;:&quot;Prof. Evaldo Vasconcelos (SEMED)&quot;}\">Prof. Evaldo Vasconcelos\u00a0<\/td><\/tr><tr><td style=\"text-align: center;\" data-sheets-value=\"{&quot;1&quot;:2,&quot;2&quot;:&quot;Minicurso 5&quot;}\"><strong>Minicurso 5<\/strong><\/td><td data-sheets-value=\"{&quot;1&quot;:2,&quot;2&quot;:&quot;Minicurso 5: \\&quot;Ensino por Compet\u00eancias: do lim\u00e3o \u00e0 limonada!\\&quot;&quot;}\">Avalia\u00e7\u00e3o com rubrica:<br \/>uma possibilidade para o sucesso escolar e<br \/>educativo<\/td><td data-sheets-value=\"{&quot;1&quot;:2,&quot;2&quot;:&quot;Profa. M.a. Nataliana Paiva (SEMED)&quot;}\">Profa. Esp. Reila Garcia Santiago<\/td><\/tr><tr><td style=\"text-align: center;\" data-sheets-value=\"{&quot;1&quot;:2,&quot;2&quot;:&quot;Minicurso 5&quot;}\"><span style=\"color: #00ccff;\"><strong>Momento Cultural:\u00a0<\/strong><\/span><\/td><td data-sheets-value=\"{&quot;1&quot;:2,&quot;2&quot;:&quot;Minicurso 5: \\&quot;Ensino por Compet\u00eancias: do lim\u00e3o \u00e0 limonada!\\&quot;&quot;}\">Cantora Andarilha<\/td><td style=\"text-align: center;\" data-sheets-value=\"{&quot;1&quot;:2,&quot;2&quot;:&quot;Profa. M.a. Nataliana Paiva (SEMED)&quot;}\">&#8211;<\/td><\/tr><\/tbody><\/table><p><em>* As inscri\u00e7\u00f5es para as oficinas e minicursos estar\u00e3o abertas em breve.<\/em><\/p><\/div>\n\t\t\t\t\t\t\t\t\t<div class=\"elementor-tab-title elementor-tab-mobile-title\" aria-selected=\"false\" data-tab=\"3\" role=\"tab\" tabindex=\"-1\" aria-controls=\"elementor-tab-content-7213\" aria-expanded=\"false\">25\/11\/22<\/div>\n\t\t\t\t\t<div id=\"elementor-tab-content-7213\" class=\"elementor-tab-content elementor-clearfix\" data-tab=\"3\" role=\"tabpanel\" aria-labelledby=\"elementor-tab-title-7213\" tabindex=\"0\" hidden=\"hidden\"><p style=\"text-align: center;\"><span style=\"color: #00ccff;\"><strong>MANH\u00c3<\/strong><\/span><\/p><ul><li>8h \u00e0s 12h &#8211; <strong>Comunica\u00e7\u00f5es Orais (Artigos e Relatos de Experi\u00eancia)<\/strong><\/li><\/ul><p style=\"text-align: center;\"><span style=\"color: #00ccff;\"><strong>TARDE<\/strong><\/span><\/p><table dir=\"ltr\" border=\"1\" cellspacing=\"0\" cellpadding=\"0\"><colgroup> <col width=\"103\" \/> <col width=\"295\" \/> <col width=\"81\" \/> <col width=\"185\" \/><\/colgroup><tbody><tr><td style=\"text-align: center;\" data-sheets-value=\"{&quot;1&quot;:2,&quot;2&quot;:&quot;13h&quot;}\">13h*<\/td><td data-sheets-value=\"{&quot;1&quot;:2,&quot;2&quot;:&quot;Palestra 4: \u201cDiretrizes educacionais em vista da Tecnologia Social\u201d&quot;}\"><strong><span style=\"color: #00ccff;\">Palestra 4:<\/span><\/strong> Diretrizes educacionais em vista da Tecnologia Social<\/td><td style=\"text-align: center;\" data-sheets-value=\"{&quot;1&quot;:2,&quot;2&quot;:&quot;1h30&quot;}\">1h30<\/td><td style=\"text-align: center;\" data-sheets-value=\"{&quot;1&quot;:2,&quot;2&quot;:&quot;Prof. Dr. Pablo R\u00faben Mariconda (USP)&quot;}\">Prof. Dr. Pablo R\u00faben Mariconda (USP)<\/td><\/tr><tr><td style=\"text-align: center;\" data-sheets-value=\"{&quot;1&quot;:2,&quot;2&quot;:&quot;13h&quot;}\">13h*<\/td><td data-sheets-value=\"{&quot;1&quot;:2,&quot;2&quot;:&quot;Palestra 5: \\&quot;Institutos Federais: com a perna no mundo\\&quot;&quot;}\" data-sheets-textstyleruns=\"{&quot;1&quot;:0}\uee10{&quot;1&quot;:13,&quot;2&quot;:{}}\"><span style=\"color: #00ccff;\"><strong>Palestra 5:<\/strong><\/span> Institutos Federais: com a perna no mundo<\/td><td style=\"text-align: center;\" data-sheets-value=\"{&quot;1&quot;:2,&quot;2&quot;:&quot;1h30&quot;}\">1h30<\/td><td style=\"text-align: center;\" data-sheets-value=\"{&quot;1&quot;:2,&quot;2&quot;:&quot;Profa. Dra. Cl\u00e1udia Schiedeck Soares de Souza (IFRS)&quot;}\">Profa. Dra. Cl\u00e1udia Schiedeck Soares de Souza (IFRS)<\/td><\/tr><tr><td style=\"text-align: center;\">&#8211;<\/td><td data-sheets-value=\"{&quot;1&quot;:2,&quot;2&quot;:&quot;V\u00eddeo Produtos Educacionais&quot;}\">V\u00eddeo sobre Produtos Educacionais<\/td><td style=\"text-align: center;\">&#8211;<\/td><td style=\"text-align: center;\">&#8211;<\/td><\/tr><tr><td style=\"text-align: center;\" data-sheets-value=\"{&quot;1&quot;:2,&quot;2&quot;:&quot;15h&quot;}\">15h*<\/td><td data-sheets-value=\"{&quot;1&quot;:2,&quot;2&quot;:&quot;Palestra 6: \\&quot;Institutos Federais, educa\u00e7\u00e3o profissional e o desenvolvimento regional\\&quot;&quot;}\"><span style=\"color: #00ccff;\"><strong>Palestra 6<\/strong><\/span>: Institutos Federais, educa\u00e7\u00e3o profissional e o desenvolvimento regional<\/td><td style=\"text-align: center;\" data-sheets-value=\"{&quot;1&quot;:2,&quot;2&quot;:&quot;1h30&quot;}\">1h30<\/td><td style=\"text-align: center;\" data-sheets-value=\"{&quot;1&quot;:2,&quot;2&quot;:&quot;Prof. Dr. M\u00e1rcio Rog\u00e9rio Olivato Pozzer (IFRS)&quot;}\">Prof. Dr. M\u00e1rcio Rog\u00e9rio Olivato Pozzer (IFRS)<\/td><\/tr><tr><td style=\"text-align: center;\" data-sheets-value=\"{&quot;1&quot;:2,&quot;2&quot;:&quot;15h&quot;}\">15h*<\/td><td data-sheets-value=\"{&quot;1&quot;:2,&quot;2&quot;:&quot;Palestra 7: \\&quot;Pr\u00e1tica Educativa na Educa\u00e7\u00e3o Profissional e Tecnol\u00f3gica: desafios e perspectivas\\&quot;&quot;}\"><strong><span style=\"color: #00ccff;\">Palestra 7<\/span><\/strong>: Pr\u00e1tica Educativa na Educa\u00e7\u00e3o Profissional e Tecnol\u00f3gica: desafios e perspectivas<\/td><td style=\"text-align: center;\" data-sheets-value=\"{&quot;1&quot;:2,&quot;2&quot;:&quot;1h30&quot;}\">1h30<\/td><td style=\"text-align: center;\" data-sheets-value=\"{&quot;1&quot;:2,&quot;2&quot;:&quot;Professor Dr. M\u00e1rcio Aur\u00e9lio Carvalho de Morais (IFPI)&quot;}\">Professor Dr. M\u00e1rcio Aur\u00e9lio Carvalho de Morais (IFPI)<\/td><\/tr><tr><td style=\"text-align: center;\" data-sheets-value=\"{&quot;1&quot;:2,&quot;2&quot;:&quot;17h&quot;}\">17h<\/td><td data-sheets-value=\"{&quot;1&quot;:2,&quot;2&quot;:&quot;Palestra de Encerramento: \\&quot;Li\u00e7\u00f5es de Pedra: o antipo\u00e9tico ou a po\u00e9tica do trivial: conversas sobre doc\u00eancia em uma utopia necess\u00e1ria&quot;}\"><span style=\"color: #00ccff;\"><strong>Palestra de Encerramento:<\/strong><\/span> Li\u00e7\u00f5es de Pedra: o antipo\u00e9tico ou a po\u00e9tica do trivial: conversas sobre doc\u00eancia em uma utopia necess\u00e1ria<\/td><td style=\"text-align: center;\" data-sheets-value=\"{&quot;1&quot;:2,&quot;2&quot;:&quot;1h50&quot;}\">1h50<\/td><td style=\"text-align: center;\" data-sheets-value=\"{&quot;1&quot;:2,&quot;2&quot;:&quot;Profa. Dra. Caetana Juracy Rezende Silva (UnB)&quot;}\">Profa. Dra. Caetana Juracy Rezende Silva (UnB)<\/td><\/tr><tr><td style=\"text-align: center;\" data-sheets-value=\"{&quot;1&quot;:2,&quot;2&quot;:&quot;19h&quot;}\">19h<\/td><td data-sheets-value=\"{&quot;1&quot;:2,&quot;2&quot;:&quot;Agradecimentos Coordena\u00e7\u00e3o PPGET&quot;}\">Agradecimentos &#8211; Coordena\u00e7\u00e3o PPGET<\/td><td style=\"text-align: center;\">&#8211;<\/td><td style=\"text-align: center;\">&#8211;<\/td><\/tr><tr><td style=\"text-align: center;\">&#8211;<\/td><td data-sheets-value=\"{&quot;1&quot;:2,&quot;2&quot;:&quot;Momento Cultural Encerramento \\&quot;Capoeira\\&quot;&quot;}\"><span style=\"color: #00ccff;\"><strong>Momento Cultural de Encerramento:<\/strong><\/span> Coral Adulto do Liceu de Artes e Of\u00edcios Cl\u00e1udio Santoro<\/td><td style=\"text-align: center;\">&#8211;<\/td><td style=\"text-align: center;\">&#8211;<\/td><\/tr><\/tbody><\/table><p><em>* As atividades ir\u00e3o ocorrer de forma simult\u00e2nea no canal do PPGET no Youtube.\u00a0<\/em><\/p><\/div>\n\t\t\t\t\t\t\t<\/div>\n\t\t<\/div>\n\t\t\t\t\t\t<\/div>\n\t\t\t\t<\/div>\n\t\t\t\t\t<\/div>\n\t\t<\/div>\n\t\t\t\t\t<\/div>\n\t\t<\/section>\n\t\t\t\t<\/div>\n\t\t","protected":false},"excerpt":{"rendered":"<p>23\/11\/22 24\/11\/22 25\/11\/22 23\/11\/22 MANH\u00c3 9h Abertura 30min Cerimonial 10h Palestra de Abertura Science and Opinion 1h30 Prof. Ph.D. Andrew Feenberg (Simon Fraser University \/ Institut des Sciences de la &#8230;<\/p>\n","protected":false},"author":10,"featured_media":0,"parent":0,"menu_order":0,"comment_status":"closed","ping_status":"closed","template":"","meta":{"_uag_custom_page_level_css":"","footnotes":""},"class_list":["post-2836","page","type-page","status-publish","hentry"],"uagb_featured_image_src":{"full":false,"thumbnail":false,"medium":false,"medium_large":false,"large":false,"1536x1536":false,"2048x2048":false,"onepress-blog-small":false,"onepress-small":false,"onepress-medium":false},"uagb_author_info":{"display_name":"Almir Junior","author_link":"https:\/\/ppget.ifam.edu.br\/w_seta_novo\/index.php\/author\/almir\/"},"uagb_comment_info":0,"uagb_excerpt":"23\/11\/22 24\/11\/22 25\/11\/22 23\/11\/22 MANH\u00c3 9h Abertura 30min Cerimonial 10h Palestra de Abertura Science and Opinion 1h30 Prof. Ph.D. Andrew Feenberg (Simon Fraser University \/ Institut des Sciences de la ...","_links":{"self":[{"href":"https:\/\/ppget.ifam.edu.br\/w_seta_novo\/index.php\/wp-json\/wp\/v2\/pages\/2836","targetHints":{"allow":["GET"]}}],"collection":[{"href":"https:\/\/ppget.ifam.edu.br\/w_seta_novo\/index.php\/wp-json\/wp\/v2\/pages"}],"about":[{"href":"https:\/\/ppget.ifam.edu.br\/w_seta_novo\/index.php\/wp-json\/wp\/v2\/types\/page"}],"author":[{"embeddable":true,"href":"https:\/\/ppget.ifam.edu.br\/w_seta_novo\/index.php\/wp-json\/wp\/v2\/users\/10"}],"replies":[{"embeddable":true,"href":"https:\/\/ppget.ifam.edu.br\/w_seta_novo\/index.php\/wp-json\/wp\/v2\/comments?post=2836"}],"version-history":[{"count":53,"href":"https:\/\/ppget.ifam.edu.br\/w_seta_novo\/index.php\/wp-json\/wp\/v2\/pages\/2836\/revisions"}],"predecessor-version":[{"id":3417,"href":"https:\/\/ppget.ifam.edu.br\/w_seta_novo\/index.php\/wp-json\/wp\/v2\/pages\/2836\/revisions\/3417"}],"wp:attachment":[{"href":"https:\/\/ppget.ifam.edu.br\/w_seta_novo\/index.php\/wp-json\/wp\/v2\/media?parent=2836"}],"curies":[{"name":"wp","href":"https:\/\/api.w.org\/{rel}","templated":true}]}}