{"id":113,"date":"2016-05-04T03:46:46","date_gmt":"2016-05-04T03:46:46","guid":{"rendered":"http:\/\/mpet.ifam.edu.br\/wp_seta\/?page_id=113"},"modified":"2021-07-19T00:16:05","modified_gmt":"2021-07-19T03:16:05","slug":"apresentacoes","status":"publish","type":"page","link":"https:\/\/ppget.ifam.edu.br\/w_seta_novo\/index.php\/apresentacoes\/","title":{"rendered":"Apresenta\u00e7\u00f5es"},"content":{"rendered":"\t\t<div data-elementor-type=\"wp-page\" data-elementor-id=\"113\" class=\"elementor elementor-113\">\n\t\t\t\t\t\t<section class=\"elementor-section elementor-top-section elementor-element elementor-element-dfd28f8 elementor-section-boxed elementor-section-height-default elementor-section-height-default\" data-id=\"dfd28f8\" data-element_type=\"section\" data-e-type=\"section\">\n\t\t\t\t\t\t<div class=\"elementor-container elementor-column-gap-default\">\n\t\t\t\t\t<div class=\"elementor-column elementor-col-100 elementor-top-column elementor-element elementor-element-98505fd\" data-id=\"98505fd\" data-element_type=\"column\" data-e-type=\"column\">\n\t\t\t<div class=\"elementor-widget-wrap elementor-element-populated\">\n\t\t\t\t\t\t<div class=\"elementor-element elementor-element-f32bc32 elementor-widget elementor-widget-image\" data-id=\"f32bc32\" data-element_type=\"widget\" data-e-type=\"widget\" data-widget_type=\"image.default\">\n\t\t\t\t<div class=\"elementor-widget-container\">\n\t\t\t\t\t\t\t\t\t\t\t\t\t\t\t<img fetchpriority=\"high\" decoding=\"async\" width=\"800\" height=\"200\" src=\"https:\/\/ppget.ifam.edu.br\/w_seta_novo\/wp-content\/uploads\/2021\/07\/banner-google_Prancheta-1-1024x256.jpg\" class=\"attachment-large size-large wp-image-2570\" alt=\"\" srcset=\"https:\/\/ppget.ifam.edu.br\/w_seta_novo\/wp-content\/uploads\/2021\/07\/banner-google_Prancheta-1-1024x256.jpg 1024w, https:\/\/ppget.ifam.edu.br\/w_seta_novo\/wp-content\/uploads\/2021\/07\/banner-google_Prancheta-1-300x75.jpg 300w, https:\/\/ppget.ifam.edu.br\/w_seta_novo\/wp-content\/uploads\/2021\/07\/banner-google_Prancheta-1-768x192.jpg 768w, https:\/\/ppget.ifam.edu.br\/w_seta_novo\/wp-content\/uploads\/2021\/07\/banner-google_Prancheta-1-1536x384.jpg 1536w, https:\/\/ppget.ifam.edu.br\/w_seta_novo\/wp-content\/uploads\/2021\/07\/banner-google_Prancheta-1-2048x512.jpg 2048w\" sizes=\"(max-width: 800px) 100vw, 800px\" \/>\t\t\t\t\t\t\t\t\t\t\t\t\t\t\t<\/div>\n\t\t\t\t<\/div>\n\t\t\t\t\t<\/div>\n\t\t<\/div>\n\t\t\t\t\t<\/div>\n\t\t<\/section>\n\t\t\t\t<section class=\"elementor-section elementor-top-section elementor-element elementor-element-11b0289 elementor-section-boxed elementor-section-height-default elementor-section-height-default\" data-id=\"11b0289\" data-element_type=\"section\" data-e-type=\"section\">\n\t\t\t\t\t\t<div class=\"elementor-container elementor-column-gap-default\">\n\t\t\t\t\t<div class=\"elementor-column elementor-col-100 elementor-top-column elementor-element elementor-element-69d6c27\" data-id=\"69d6c27\" data-element_type=\"column\" data-e-type=\"column\">\n\t\t\t<div class=\"elementor-widget-wrap elementor-element-populated\">\n\t\t\t\t\t\t<div class=\"elementor-element elementor-element-7c2a081 elementor-widget elementor-widget-heading\" data-id=\"7c2a081\" data-element_type=\"widget\" data-e-type=\"widget\" data-widget_type=\"heading.default\">\n\t\t\t\t<div class=\"elementor-widget-container\">\n\t\t\t\t\t<h2 class=\"elementor-heading-title elementor-size-default\">Orienta\u00e7\u00f5es para apresenta\u00e7\u00f5es<\/h2>\t\t\t\t<\/div>\n\t\t\t\t<\/div>\n\t\t\t\t\t<\/div>\n\t\t<\/div>\n\t\t\t\t\t<\/div>\n\t\t<\/section>\n\t\t\t\t<section class=\"elementor-section elementor-top-section elementor-element elementor-element-abe5b01 elementor-section-boxed elementor-section-height-default elementor-section-height-default\" data-id=\"abe5b01\" data-element_type=\"section\" data-e-type=\"section\">\n\t\t\t\t\t\t<div class=\"elementor-container elementor-column-gap-default\">\n\t\t\t\t\t<div class=\"elementor-column elementor-col-100 elementor-top-column elementor-element elementor-element-0e7c042\" data-id=\"0e7c042\" data-element_type=\"column\" data-e-type=\"column\">\n\t\t\t<div class=\"elementor-widget-wrap elementor-element-populated\">\n\t\t\t\t\t\t<div class=\"elementor-element elementor-element-79338bb elementor-widget elementor-widget-text-editor\" data-id=\"79338bb\" data-element_type=\"widget\" data-e-type=\"widget\" data-widget_type=\"text-editor.default\">\n\t\t\t\t<div class=\"elementor-widget-container\">\n\t\t\t\t\t\t\t\t\t<p><strong> <span class=\"fontstyle0\">A apresenta\u00e7\u00e3o do artigo cient\u00edfico e\/ou relato de experi\u00eancia dar-se-\u00e1 em formato de v\u00eddeo que deve ser gravado por um dos autores e seguir as orienta\u00e7\u00f5es t\u00e9cnicas e os requisitos abaixo:<\/span><\/strong><\/p>\t\t\t\t\t\t\t\t<\/div>\n\t\t\t\t<\/div>\n\t\t\t\t\t<\/div>\n\t\t<\/div>\n\t\t\t\t\t<\/div>\n\t\t<\/section>\n\t\t\t\t<section class=\"elementor-section elementor-top-section elementor-element elementor-element-643e2f2 elementor-section-boxed elementor-section-height-default elementor-section-height-default\" data-id=\"643e2f2\" data-element_type=\"section\" data-e-type=\"section\">\n\t\t\t\t\t\t<div class=\"elementor-container elementor-column-gap-default\">\n\t\t\t\t\t<div class=\"elementor-column elementor-col-100 elementor-top-column elementor-element elementor-element-4b6fc39\" data-id=\"4b6fc39\" data-element_type=\"column\" data-e-type=\"column\">\n\t\t\t<div class=\"elementor-widget-wrap elementor-element-populated\">\n\t\t\t\t\t\t<div class=\"elementor-element elementor-element-41f1679 elementor-widget elementor-widget-image\" data-id=\"41f1679\" data-element_type=\"widget\" data-e-type=\"widget\" data-widget_type=\"image.default\">\n\t\t\t\t<div class=\"elementor-widget-container\">\n\t\t\t\t\t\t\t\t\t\t\t\t\t\t\t<img decoding=\"async\" width=\"761\" height=\"383\" src=\"https:\/\/ppget.ifam.edu.br\/w_seta_novo\/wp-content\/uploads\/2021\/07\/seta-1.jpg\" class=\"attachment-large size-large wp-image-2661\" alt=\"\" srcset=\"https:\/\/ppget.ifam.edu.br\/w_seta_novo\/wp-content\/uploads\/2021\/07\/seta-1.jpg 761w, https:\/\/ppget.ifam.edu.br\/w_seta_novo\/wp-content\/uploads\/2021\/07\/seta-1-300x151.jpg 300w\" sizes=\"(max-width: 761px) 100vw, 761px\" \/>\t\t\t\t\t\t\t\t\t\t\t\t\t\t\t<\/div>\n\t\t\t\t<\/div>\n\t\t\t\t\t<\/div>\n\t\t<\/div>\n\t\t\t\t\t<\/div>\n\t\t<\/section>\n\t\t\t\t<section class=\"elementor-section elementor-top-section elementor-element elementor-element-a961fd5 elementor-section-boxed elementor-section-height-default elementor-section-height-default\" data-id=\"a961fd5\" data-element_type=\"section\" data-e-type=\"section\">\n\t\t\t\t\t\t<div class=\"elementor-container elementor-column-gap-default\">\n\t\t\t\t\t<div class=\"elementor-column elementor-col-100 elementor-top-column elementor-element elementor-element-919667e\" data-id=\"919667e\" data-element_type=\"column\" data-e-type=\"column\">\n\t\t\t<div class=\"elementor-widget-wrap elementor-element-populated\">\n\t\t\t\t\t\t<div class=\"elementor-element elementor-element-38cb38c elementor-widget elementor-widget-text-editor\" data-id=\"38cb38c\" data-element_type=\"widget\" data-e-type=\"widget\" data-widget_type=\"text-editor.default\">\n\t\t\t\t<div class=\"elementor-widget-container\">\n\t\t\t\t\t\t\t\t\t<p><strong>No v\u00eddeo o autor, deve:<\/strong><\/p>\t\t\t\t\t\t\t\t<\/div>\n\t\t\t\t<\/div>\n\t\t\t\t\t<\/div>\n\t\t<\/div>\n\t\t\t\t\t<\/div>\n\t\t<\/section>\n\t\t\t\t<section class=\"elementor-section elementor-top-section elementor-element elementor-element-da77aa7 elementor-section-boxed elementor-section-height-default elementor-section-height-default\" data-id=\"da77aa7\" data-element_type=\"section\" data-e-type=\"section\">\n\t\t\t\t\t\t<div class=\"elementor-container elementor-column-gap-default\">\n\t\t\t\t\t<div class=\"elementor-column elementor-col-100 elementor-top-column elementor-element elementor-element-e90f95f\" data-id=\"e90f95f\" data-element_type=\"column\" data-e-type=\"column\">\n\t\t\t<div class=\"elementor-widget-wrap elementor-element-populated\">\n\t\t\t\t\t\t<div class=\"elementor-element elementor-element-a948c09 elementor-widget elementor-widget-image\" data-id=\"a948c09\" data-element_type=\"widget\" data-e-type=\"widget\" data-widget_type=\"image.default\">\n\t\t\t\t<div class=\"elementor-widget-container\">\n\t\t\t\t\t\t\t\t\t\t\t\t\t\t\t<img decoding=\"async\" width=\"757\" height=\"216\" src=\"https:\/\/ppget.ifam.edu.br\/w_seta_novo\/wp-content\/uploads\/2021\/07\/seta2.jpg\" class=\"attachment-large size-large wp-image-2663\" alt=\"\" srcset=\"https:\/\/ppget.ifam.edu.br\/w_seta_novo\/wp-content\/uploads\/2021\/07\/seta2.jpg 757w, https:\/\/ppget.ifam.edu.br\/w_seta_novo\/wp-content\/uploads\/2021\/07\/seta2-300x86.jpg 300w\" sizes=\"(max-width: 757px) 100vw, 757px\" \/>\t\t\t\t\t\t\t\t\t\t\t\t\t\t\t<\/div>\n\t\t\t\t<\/div>\n\t\t\t\t\t<\/div>\n\t\t<\/div>\n\t\t\t\t\t<\/div>\n\t\t<\/section>\n\t\t\t\t<section class=\"elementor-section elementor-top-section elementor-element elementor-element-fb17eae elementor-section-boxed elementor-section-height-default elementor-section-height-default\" data-id=\"fb17eae\" data-element_type=\"section\" data-e-type=\"section\">\n\t\t\t\t\t\t<div class=\"elementor-container elementor-column-gap-default\">\n\t\t\t\t\t<div class=\"elementor-column elementor-col-100 elementor-top-column elementor-element elementor-element-31b4ab2\" data-id=\"31b4ab2\" data-element_type=\"column\" data-e-type=\"column\">\n\t\t\t<div class=\"elementor-widget-wrap elementor-element-populated\">\n\t\t\t\t\t\t<div class=\"elementor-element elementor-element-e4445e3 elementor-widget elementor-widget-image\" data-id=\"e4445e3\" data-element_type=\"widget\" data-e-type=\"widget\" data-widget_type=\"image.default\">\n\t\t\t\t<div class=\"elementor-widget-container\">\n\t\t\t\t\t\t\t\t\t\t\t\t\t\t\t<img loading=\"lazy\" decoding=\"async\" width=\"150\" height=\"150\" src=\"https:\/\/ppget.ifam.edu.br\/w_seta_novo\/wp-content\/uploads\/2021\/07\/WhatsApp-Image-2021-07-18-at-22.23.04-150x150.jpeg\" class=\"attachment-thumbnail size-thumbnail wp-image-2678\" alt=\"\" srcset=\"https:\/\/ppget.ifam.edu.br\/w_seta_novo\/wp-content\/uploads\/2021\/07\/WhatsApp-Image-2021-07-18-at-22.23.04-150x150.jpeg 150w, https:\/\/ppget.ifam.edu.br\/w_seta_novo\/wp-content\/uploads\/2021\/07\/WhatsApp-Image-2021-07-18-at-22.23.04-300x300.jpeg 300w, https:\/\/ppget.ifam.edu.br\/w_seta_novo\/wp-content\/uploads\/2021\/07\/WhatsApp-Image-2021-07-18-at-22.23.04-768x768.jpeg 768w, https:\/\/ppget.ifam.edu.br\/w_seta_novo\/wp-content\/uploads\/2021\/07\/WhatsApp-Image-2021-07-18-at-22.23.04.jpeg 1000w\" sizes=\"(max-width: 150px) 100vw, 150px\" \/>\t\t\t\t\t\t\t\t\t\t\t\t\t\t\t<\/div>\n\t\t\t\t<\/div>\n\t\t\t\t\t<\/div>\n\t\t<\/div>\n\t\t\t\t\t<\/div>\n\t\t<\/section>\n\t\t\t\t<section class=\"elementor-section elementor-top-section elementor-element elementor-element-54a11f6 elementor-section-boxed elementor-section-height-default elementor-section-height-default\" data-id=\"54a11f6\" data-element_type=\"section\" data-e-type=\"section\">\n\t\t\t\t\t\t<div class=\"elementor-container elementor-column-gap-default\">\n\t\t\t\t\t<div class=\"elementor-column elementor-col-100 elementor-top-column elementor-element elementor-element-b0a2e80\" data-id=\"b0a2e80\" data-element_type=\"column\" data-e-type=\"column\">\n\t\t\t<div class=\"elementor-widget-wrap elementor-element-populated\">\n\t\t\t\t\t\t<div class=\"elementor-element elementor-element-ca49105 elementor-widget elementor-widget-text-editor\" data-id=\"ca49105\" data-element_type=\"widget\" data-e-type=\"widget\" data-widget_type=\"text-editor.default\">\n\t\t\t\t<div class=\"elementor-widget-container\">\n\t\t\t\t\t\t\t\t\t<p><span style=\"color: #404248; text-align: center;\" data-raofz=\"16\"><strong>BAIXE O\u00a0<\/strong><\/span><strong style=\"text-align: center; color: #000000;\"><span style=\"color: #404248;\" data-raofz=\"16\">EDITAL COMPLETO AQUI:\u00a0<\/span><a href=\"http:\/\/gg.gg\/edital_seta2021\">http:\/\/gg.gg\/editalseta2021\u00a0<\/a><\/strong><\/p>\t\t\t\t\t\t\t\t<\/div>\n\t\t\t\t<\/div>\n\t\t\t\t\t<\/div>\n\t\t<\/div>\n\t\t\t\t\t<\/div>\n\t\t<\/section>\n\t\t\t\t<section class=\"elementor-section elementor-top-section elementor-element elementor-element-945863f elementor-section-boxed elementor-section-height-default elementor-section-height-default\" data-id=\"945863f\" data-element_type=\"section\" data-e-type=\"section\">\n\t\t\t\t\t\t<div class=\"elementor-container elementor-column-gap-default\">\n\t\t\t\t\t<div class=\"elementor-column elementor-col-100 elementor-top-column elementor-element elementor-element-01c9594\" data-id=\"01c9594\" data-element_type=\"column\" data-e-type=\"column\">\n\t\t\t<div class=\"elementor-widget-wrap elementor-element-populated\">\n\t\t\t\t\t\t<div class=\"elementor-element elementor-element-e48da8e elementor-widget elementor-widget-text-editor\" data-id=\"e48da8e\" data-element_type=\"widget\" data-e-type=\"widget\" data-widget_type=\"text-editor.default\">\n\t\t\t\t<div class=\"elementor-widget-container\">\n\t\t\t\t\t\t\t\t\t<p style=\"margin-top: 0pt; margin-bottom: 0pt; margin-left: 0in; color: #000000; text-align: justify; direction: ltr; unicode-bidi: embed; word-break: normal;\"><span style=\"color: #1f497d; font-family: Calibri; font-size: 24pt; font-weight: bold;\">Documentos<\/span><\/p><p style=\"margin-top: 0pt; margin-bottom: 0pt; margin-left: 0in; color: #000000; text-align: justify; direction: ltr; unicode-bidi: embed; word-break: normal;\"><span style=\"font-size: 18pt; font-family: Calibri;\">Abaixo segue os links para fazer download dos\u00a0<\/span><span style=\"font-size: 18pt; font-family: Calibri;\">templates<\/span><span style=\"font-size: 18pt; font-family: Calibri;\">\u00a0padr\u00f5es do evento para a elabora\u00e7\u00e3o do slide de apresenta\u00e7\u00e3o e tutorial de v\u00eddeos.<\/span><\/p><p style=\"margin-top: 0pt; margin-bottom: 0pt; margin-left: 0in; color: #000000; text-align: justify; direction: ltr; unicode-bidi: embed; word-break: normal;\"><span style=\"font-size: 18pt; font-family: Calibri; font-weight: bold;\">Modelo de slide para apresenta\u00e7\u00e3o &#8211;\u00a0<\/span><span style=\"font-size: 18pt; font-family: Calibri; font-weight: bold; font-style: italic;\"><a href=\"http:\/\/gg.gg\/template_seta_apresentacao\" target=\"_blank\" rel=\"noopener\">http:\/\/gg.gg\/apresentacaoppt_relato_artigo<\/a><\/span><\/p><p style=\"margin-top: 0pt; margin-bottom: 0pt; margin-left: 0in; color: #000000; text-align: justify; direction: ltr; unicode-bidi: embed; word-break: normal;\"><span style=\"font-size: 18pt; font-family: Calibri; font-weight: bold;\">Tutorial para elabora\u00e7\u00e3o dos v\u00eddeos &#8211;\u00a0\u00a0<\/span><span style=\"font-size: 18pt; font-family: Calibri; font-weight: bold; font-style: italic;\"><a href=\"http:\/\/gg.gg\/orientacao_video_seta\" target=\"_blank\" rel=\"noopener\">http:\/\/gg.gg\/orientacoes_gravar_video<\/a><\/span><\/p>\t\t\t\t\t\t\t\t<\/div>\n\t\t\t\t<\/div>\n\t\t\t\t\t<\/div>\n\t\t<\/div>\n\t\t\t\t\t<\/div>\n\t\t<\/section>\n\t\t\t\t<\/div>\n\t\t","protected":false},"excerpt":{"rendered":"<p>Orienta\u00e7\u00f5es para apresenta\u00e7\u00f5es A apresenta\u00e7\u00e3o do artigo cient\u00edfico e\/ou relato de experi\u00eancia dar-se-\u00e1 em formato de v\u00eddeo que deve ser gravado por um dos autores e seguir as orienta\u00e7\u00f5es t\u00e9cnicas &#8230;<\/p>\n","protected":false},"author":1,"featured_media":0,"parent":0,"menu_order":0,"comment_status":"closed","ping_status":"closed","template":"","meta":{"_uag_custom_page_level_css":"","footnotes":""},"class_list":["post-113","page","type-page","status-publish","hentry"],"uagb_featured_image_src":{"full":false,"thumbnail":false,"medium":false,"medium_large":false,"large":false,"1536x1536":false,"2048x2048":false,"onepress-blog-small":false,"onepress-small":false,"onepress-medium":false},"uagb_author_info":{"display_name":"ppget_admin","author_link":"https:\/\/ppget.ifam.edu.br\/w_seta_novo\/index.php\/author\/ppget_admin\/"},"uagb_comment_info":0,"uagb_excerpt":"Orienta\u00e7\u00f5es para apresenta\u00e7\u00f5es A apresenta\u00e7\u00e3o do artigo cient\u00edfico e\/ou relato de experi\u00eancia dar-se-\u00e1 em formato de v\u00eddeo que deve ser gravado por um dos autores e seguir as orienta\u00e7\u00f5es t\u00e9cnicas ...","_links":{"self":[{"href":"https:\/\/ppget.ifam.edu.br\/w_seta_novo\/index.php\/wp-json\/wp\/v2\/pages\/113","targetHints":{"allow":["GET"]}}],"collection":[{"href":"https:\/\/ppget.ifam.edu.br\/w_seta_novo\/index.php\/wp-json\/wp\/v2\/pages"}],"about":[{"href":"https:\/\/ppget.ifam.edu.br\/w_seta_novo\/index.php\/wp-json\/wp\/v2\/types\/page"}],"author":[{"embeddable":true,"href":"https:\/\/ppget.ifam.edu.br\/w_seta_novo\/index.php\/wp-json\/wp\/v2\/users\/1"}],"replies":[{"embeddable":true,"href":"https:\/\/ppget.ifam.edu.br\/w_seta_novo\/index.php\/wp-json\/wp\/v2\/comments?post=113"}],"version-history":[{"count":17,"href":"https:\/\/ppget.ifam.edu.br\/w_seta_novo\/index.php\/wp-json\/wp\/v2\/pages\/113\/revisions"}],"predecessor-version":[{"id":2682,"href":"https:\/\/ppget.ifam.edu.br\/w_seta_novo\/index.php\/wp-json\/wp\/v2\/pages\/113\/revisions\/2682"}],"wp:attachment":[{"href":"https:\/\/ppget.ifam.edu.br\/w_seta_novo\/index.php\/wp-json\/wp\/v2\/media?parent=113"}],"curies":[{"name":"wp","href":"https:\/\/api.w.org\/{rel}","templated":true}]}}